(9/x + -5)?
14
Suppose -2*x - r + 350 + 1127 = 0, -2*r - 3715 = -5*x. Let o = 867 - x. What is the remainder when o is divided by 16?
14
Suppose -9*q - 255 = -14*q. Suppose -4*y + 0*y + 130 = 2*b, -4*b = -4. What is the remainder when q is divided by y?
19
Suppose 6*g + 34473 = 35301. Calculate the remainder when 42915 is divided by g.
135
Let k(m) = 5*m + 140. What is the remainder when 663 is divided by k(-9)?
93
Calculate the remainder when (-19 - -548)/(-23) - -554 is divided by 20.
11
Let q(c) = 22*c**2. Let w = 316 + -310. Suppose w*l = -2*l + 664. What is the remainder when l is divided by q(-1)?
17
Let n = -53 + 57. Suppose n*g = 107 - 71. What is the remainder when (-18)/99 + (-752)/(-22) is divided by g?
7
Suppose 138*t + 992054 = 196*t + 313*t. Calculate the remainder when t is divided by 122.
112
Suppose -8*m - 1812 - 340 = 0. Let h = m + 321. Calculate the remainder when h is divided by 48.
4
Let o(h) = h**2 - 44*h - 697. Calculate the remainder when 663 is divided by o(59).
99
Suppose 4*k + 5*i - 26435 = 0, -3*k - 4*i + 17620 + 2206 = 0. What is the remainder when k is divided by 114?
112
Let d = -1040 - -1476. Let l = 488 - d. What is the remainder when 361 is divided by l?
49
Suppose 2*c - 18 = -5*p, c + 4*c = -3*p + 26. Suppose -2*b + 10 = -0*b, -c*l + 33 = -3*b. Calculate the remainder when 44 is divided by l.
8
Let k = 581 - 501. Suppose -m - 5*q = -k, 3*m - 298 + 115 = 4*q. Let y = 20 + 14. Calculate the remainder when m is divided by y.
31
What is the remainder when (117 - 4 - -3) + (3 - 8 - -3) is divided by 17?
12
Suppose -3*z = 20*p - 24*p - 185, 0 = 5*z - 4*p - 319. Suppose 21*o = z*o - 2530. Let m(t) = t**2 + 7*t + 8. What is the remainder when o is divided by m(-7)?
7
Let j(m) = 102*m - 2. Let x be -13 - 83 - (-18)/2. Calculate the remainder when j(2) is divided by -17*3*58/x.
32
Let j(u) = 3*u**2 + 5*u**2 + 165 - u**2 - 8*u**2 + 2*u**2. What is the remainder when j(0) is divided by 34?
29
Let m(l) be the third derivative of -17*l**4/4 + l**3/6 + 8*l**2. Let z be m(1). Calculate the remainder when z*(-1)/1 - 3 is divided by 33.
32
Suppose 147*b - 77*b = 490. What is the remainder when 28 is divided by b?
0
Suppose 0 = -9*r + 8*r + 18. Let a = 576 + -543. Calculate the remainder when 192/9*r/4 is divided by a.
30
Suppose 52 = 2*y - 4*x, 3*y = 18*x - 19*x + 64. What is the remainder when 657 is divided by y?
19
Suppose -m = 2*d - 1, 2*d - 5*d - 1 = m. Suppose 0 = m*f - 20, -97 + 19 = -3*v + 3*f. Let r = -860699 + 860788. What is the remainder when r is divided by v?
29
Let x(u) = 8*u**3 - 6*u**2 + 14*u + 3. Let g = 342 - 338. Calculate the remainder when x(g) is divided by 28.
27
Let p(m) = 2*m**2 - 7*m + 151. What is the remainder when p(16) is divided by 111?
107
Suppose 215 = 3*j - 4*o - o, 390 = 5*j - 2*o. Let v(k) = -4*k + 39. Let t be v(14). Let z = t + 58. Calculate the remainder when j is divided by z.
39
Let l = 63173 - 63073. What is the remainder when l is divided by (-12)/7*(-6 - 1)?
4
Suppose -334*k + 953 = -333*k. Calculate the remainder when k is divided by 53.
52
Let b = 266 - 258. Suppose 23*x + 2*h = 28*x - 624, 0 = 4*h + b. Suppose -4*d = -10 - 118. Calculate the remainder when x is divided by d.
28
Suppose 189 = 3*o + 3*x, 5*o + 98 = x + 413. Calculate the remainder when 305 is divided by o.
53
Let t be (((-120)/(-35))/(-6))/(-2)*28. Calculate the remainder when 168 is divided by ((-459)/(-36))/(3/t).
32
Let t(a) = -4*a - 53. Let d be (-1926)/66 + 2/11. What is the remainder when 118 is divided by t(d)?
55
Suppose -63808 = -446*p + 62410. Calculate the remainder when 3685 is divided by p.
6
Let w(i) = -17*i + 122. Let n be w(7). Suppose -21*v + n*v + 414 = 0. What is the remainder when 136 is divided by v?
21
Suppose 3*a = -2*v - 10, 0 = 2*v - 6*a + 3*a - 2. Suppose 2*x + 7 = 1. What is the remainder when 1290/(-18)*-1 - v/x is divided by 12?
11
Calculate the remainder when 329 is divided by ((-313548)/72)/(-29) - (-5)/(-30).
29
Let w(m) = -2*m**3 + 20*m**2 + 6*m - 10. Let p be w(10). Let l be (-174)/4*8/(-6). Let f = l - p. Calculate the remainder when 31 is divided by f.
7
Let t(i) = 3*i - 10. Let b be t(4). Suppose -2*n + b = -a, 3 = 6*a - 4*a + 3*n. Suppose a = 51*w - 47*w - 164. What is the remainder when 80 is divided by w?
39
Let v(f) = 2*f**2 + 41*f + 339. Calculate the remainder when v(-12) is divided by 52.
31
Suppose -206 = -4*r + u, 0 = -5*r + 47*u - 52*u + 270. Calculate the remainder when 209 is divided by r.
1
Suppose -22*z + 32*z - 102 = 28. Calculate the remainder when 757 is divided by z.
3
Calculate the remainder when 801 + (-7 + 10)/3 + 5 is divided by 90.
87
Let h = -65 + 87. Suppose 2*j + 5*n = 21, 3*j - 2*n = -0*n + h. Suppose 0 = -10*f + j*f + 110. Calculate the remainder when f is divided by 19.
17
Suppose 2488 + 1166 = 81*x - 801. Calculate the remainder when x is divided by 15.
10
Let h be (2/(-5) - (-11)/15)*12. Suppose h*m - 34 = 2*k, -m + 0*m - k = -4. What is the remainder when 27 is divided by m?
6
Suppose -u - 20 = -5*p, -3*p + p - 3*u = -8. Let y be ((-12)/9)/(p/6). Calculate the remainder when (-1)/y*(-46)/(-1) is divided by 14.
9
Let c = 5193 - -8979. What is the remainder when c is divided by 19?
17
Let p = 93 - 65. Suppose 34*r - 33*r - 2595 = -3*u, 3476 = 4*u - 4*r. Calculate the remainder when u is divided by p.
26
Let n(t) = -t**2 - 76*t - 608. Let p be n(-67). Calculate the remainder when -97*(-2 + (-1)/(-1)) is divided by (4/p)/(278/(-11815)).
29
Let d(j) = -838*j + 1811. Calculate the remainder when 780 is divided by d(2).
105
Calculate the remainder when 525 is divided by -5*26/(-65)*(-33)/(-2).
30
Let u(a) = 19*a + 11. Let l be u(-2). Let h = 44 - l. Calculate the remainder when h is divided by 9.
8
Calculate the remainder when 262 is divided by 4528/116 - (-29)/(-841).
28
Let g(u) = 27*u**2 - 3*u + 1. What is the remainder when ((-7)/4 - -1) + (-5298)/(-24) is divided by g(1)?
20
Suppose 2*f = -5*l + 710, l + 4*l - 705 = -3*f. Let o = 6261 - 6224. What is the remainder when l is divided by o?
33
Suppose 3*j + t - 11157 = 5489, -5548 = -j - t. What is the remainder when j is divided by 7?
5
Let p be 20/6*((-338)/(-65) + -4). Suppose p*i - 6*i + 2*o = -316, i - 150 = 3*o. Calculate the remainder when i is divided by 34.
26
Suppose -j + 2*j - 16 = 0. Suppose 0 = -4*q + j + 52. Calculate the remainder when 55 is divided by q + (-4)/(-4) + -4.
13
Suppose -4*h = 4, z + 3*h = -0*z + 2. Suppose -5*y - 135 = -5*g, -z*g - 4*y + 52 = -74. What is the remainder when 1104/(-24)*(1 + -2) is divided by g?
20
Suppose -4*p - 25533 = -8*p + 3*u, -6*u = -p + 6357. What is the remainder when p is divided by 18?
15
Let b(p) = -p**3 + 16*p**2 + 20*p + 15. Let a = -155 - -172. Calculate the remainder when b(a) is divided by 17.
15
Suppose 0 = 5*v - 9*v + 8. Let n be (-25)/v*128/80. Calculate the remainder when 124 is divided by (25/10)/((-2)/n).
24
Suppose 5 = 3*d - 2*j, 0 = d + 4*d - 3*j - 9. Suppose -3*x - h = -79, -d*h + 13 = 4*x - 94. What is the remainder when 127 is divided by x?
23
Let w be (-3)/(-6) + (-15)/(-6). What is the remainder when 50 is divided by (2 - (-2)/w)*(-57)/(-4)?
12
Suppose 6*y + 270 = 12*y. Let g be (60/y)/((-4)/18). Calculate the remainder when 38 is divided by (g/4)/((-5)/70).
17
Let f = 28 + -21. Suppose 12*q = -3*s + 10*q + 76, -3*q = -s + f. Calculate the remainder when 39 is divided by s.
17
What is the remainder when ((-1256)/4082)/(4/(-10114)) is divided by 41?
40
Suppose 4*j - 133 = -3*m - 0*j, -3*m - j = -139. Suppose 0 = -14*b + 21 - 77. Calculate the remainder when m is divided by 18*-4*(-5)/60 - b.
7
Let r(d) = d**2 - 30*d - 93. Let u be r(33). Suppose -286 = -u*t + 38. Calculate the remainder when 754 is divided by t.
52
Let m = -7 + 10. Suppose -m*n + 0*i + 40 = i, 2*n = 5*i + 38. What is the remainder when 263 is divided by n?
11
Suppose 0 = -12*v + 9*v - 4*m + 9663, 3*v - 9657 = -2*m. What is the remainder when v is divided by 28?
25
Suppose 19*t + 90 = 37*t. Let s be (0 - -31)*(-1)/(-1). What is the remainder when (2 + -4 + t)*s is divided by 24?
21
Suppose k = -k + 216. Let l = -4984 - -5000. Calculate the remainder when k is divided by l.
12
Let j = 84 - 133. Let u be 2/7 - 3348/(-42). Let t = j + u. Calculate the remainder 